{"id":440,"date":"2021-01-28T11:39:43","date_gmt":"2021-01-28T10:39:43","guid":{"rendered":"http:\/\/auxsonsdupotager.fr\/?page_id=440"},"modified":"2025-02-06T10:21:17","modified_gmt":"2025-02-06T09:21:17","slug":"nos-productions","status":"publish","type":"page","link":"https:\/\/auxsonsdupotager.fr\/index.php\/nos-productions\/","title":{"rendered":"La production"},"content":{"rendered":"\n<div class=\"wp-block-columns is-layout-flex wp-container-core-columns-is-layout-9d6595d7 wp-block-columns-is-layout-flex\">\n<div class=\"wp-block-column is-vertically-aligned-center is-layout-flow wp-block-column-is-layout-flow\" style=\"flex-basis:66.66%\">\n<p class=\"has-normal-font-size\">Nous cultivons un grand nombre de l\u00e9gumes au fil des saisons sur 1,2 hectares : tomates, courgettes, carottes, concombres, poireaux, m\u00e2che, choux, courges, betteraves, aubergines, laitues\u2026<\/p>\n\n\n\n<p class=\"has-normal-font-size\">Nos fraises (vari\u00e9t\u00e9s Rubis des jardins, Belrubi et Cireine) \u00e9gayent vos papilles aux mois de mai et juin. Les melons et past\u00e8ques quant \u00e0 eux arrivent en d&rsquo;\u00e9t\u00e9.<\/p>\n\n\n\n<p class=\"has-normal-font-size\">Une partie des l\u00e9gumes poussent sous serre sur 2000 m\u00b2 et le reste est en plein champ.<\/p>\n<\/div>\n\n\n\n<div class=\"wp-block-column is-layout-flow wp-block-column-is-layout-flow\" style=\"flex-basis:33.33%\"><div class=\"wp-block-image is-style-rounded\">\n<figure class=\"alignright size-large is-resized\"><img loading=\"lazy\" decoding=\"async\" width=\"2335\" height=\"2336\" src=\"https:\/\/auxsonsdupotager.fr\/wp-content\/uploads\/2021\/02\/IMG_20190824_123653-edited.jpg\" alt=\"\" class=\"wp-image-555\" style=\"width:264px;height:263px\" srcset=\"https:\/\/auxsonsdupotager.fr\/wp-content\/uploads\/2021\/02\/IMG_20190824_123653-edited.jpg 2335w, https:\/\/auxsonsdupotager.fr\/wp-content\/uploads\/2021\/02\/IMG_20190824_123653-edited-300x300.jpg 300w, https:\/\/auxsonsdupotager.fr\/wp-content\/uploads\/2021\/02\/IMG_20190824_123653-edited-1024x1024.jpg 1024w, https:\/\/auxsonsdupotager.fr\/wp-content\/uploads\/2021\/02\/IMG_20190824_123653-edited-150x150.jpg 150w, https:\/\/auxsonsdupotager.fr\/wp-content\/uploads\/2021\/02\/IMG_20190824_123653-edited-768x768.jpg 768w, https:\/\/auxsonsdupotager.fr\/wp-content\/uploads\/2021\/02\/IMG_20190824_123653-edited-1536x1536.jpg 1536w, https:\/\/auxsonsdupotager.fr\/wp-content\/uploads\/2021\/02\/IMG_20190824_123653-edited-2048x2048.jpg 2048w\" sizes=\"auto, (max-width: 2335px) 100vw, 2335px\" \/><\/figure>\n<\/div><\/div>\n<\/div>\n\n\n\n<div class=\"wp-block-columns is-layout-flex wp-container-core-columns-is-layout-9d6595d7 wp-block-columns-is-layout-flex\">\n<div class=\"wp-block-column is-vertically-aligned-center is-layout-flow wp-block-column-is-layout-flow\">\n<p class=\"has-text-align-center has-normal-font-size\">Au printemps, nous \u00e9levons une grande vari\u00e9t\u00e9 de plants de l\u00e9gumes, d&rsquo;aromatiques et de fleurs (en mottes, godets, et pots) que vous pouvez retrouver avec les l\u00e9gumes primeurs.<\/p>\n<\/div>\n\n\n\n<div class=\"wp-block-column is-layout-flow wp-block-column-is-layout-flow\"><div class=\"wp-block-image is-style-rounded\">\n<figure class=\"aligncenter size-large is-resized\"><img loading=\"lazy\" decoding=\"async\" width=\"1024\" height=\"1024\" src=\"https:\/\/auxsonsdupotager.fr\/wp-content\/uploads\/2021\/02\/20180405_171457-edited-1024x1024.jpg\" alt=\"\" class=\"wp-image-560\" style=\"width:269px;height:269px\" srcset=\"https:\/\/auxsonsdupotager.fr\/wp-content\/uploads\/2021\/02\/20180405_171457-edited-1024x1024.jpg 1024w, https:\/\/auxsonsdupotager.fr\/wp-content\/uploads\/2021\/02\/20180405_171457-edited-300x300.jpg 300w, https:\/\/auxsonsdupotager.fr\/wp-content\/uploads\/2021\/02\/20180405_171457-edited-150x150.jpg 150w, https:\/\/auxsonsdupotager.fr\/wp-content\/uploads\/2021\/02\/20180405_171457-edited-768x768.jpg 768w, https:\/\/auxsonsdupotager.fr\/wp-content\/uploads\/2021\/02\/20180405_171457-edited-1536x1536.jpg 1536w, https:\/\/auxsonsdupotager.fr\/wp-content\/uploads\/2021\/02\/20180405_171457-edited.jpg 1835w\" sizes=\"auto, (max-width: 1024px) 100vw, 1024px\" \/><\/figure>\n<\/div><\/div>\n\n\n\n<div class=\"wp-block-column is-vertically-aligned-center is-layout-flow wp-block-column-is-layout-flow\">\n<p class=\"has-text-align-center has-normal-font-size\">Toute notre production est certifi\u00e9e <em>Issue de l&rsquo;Agriculture Biologique<\/em> par notre organisme certificateur <em><a rel=\"noreferrer noopener\" href=\"http:\/\/www.ecocert.fr\/\" target=\"_blank\">Ecocert<\/a>.<\/em><\/p>\n<\/div>\n<\/div>\n\n\n\n<div class=\"wp-block-columns is-layout-flex wp-container-core-columns-is-layout-9d6595d7 wp-block-columns-is-layout-flex\">\n<div class=\"wp-block-column is-layout-flow wp-block-column-is-layout-flow\" style=\"flex-basis:33.33%\">\n<figure class=\"wp-block-image size-large is-resized is-style-rounded\"><img loading=\"lazy\" decoding=\"async\" width=\"2332\" height=\"2324\" src=\"https:\/\/auxsonsdupotager.fr\/wp-content\/uploads\/2021\/02\/IMG_20200327_171226-edited-1.jpg\" alt=\"\" class=\"wp-image-546\" style=\"width:299px;height:296px\" srcset=\"https:\/\/auxsonsdupotager.fr\/wp-content\/uploads\/2021\/02\/IMG_20200327_171226-edited-1.jpg 2332w, https:\/\/auxsonsdupotager.fr\/wp-content\/uploads\/2021\/02\/IMG_20200327_171226-edited-1-300x300.jpg 300w, https:\/\/auxsonsdupotager.fr\/wp-content\/uploads\/2021\/02\/IMG_20200327_171226-edited-1-1024x1020.jpg 1024w, https:\/\/auxsonsdupotager.fr\/wp-content\/uploads\/2021\/02\/IMG_20200327_171226-edited-1-150x150.jpg 150w, https:\/\/auxsonsdupotager.fr\/wp-content\/uploads\/2021\/02\/IMG_20200327_171226-edited-1-768x765.jpg 768w, https:\/\/auxsonsdupotager.fr\/wp-content\/uploads\/2021\/02\/IMG_20200327_171226-edited-1-1536x1531.jpg 1536w, https:\/\/auxsonsdupotager.fr\/wp-content\/uploads\/2021\/02\/IMG_20200327_171226-edited-1-2048x2041.jpg 2048w\" sizes=\"auto, (max-width: 2332px) 100vw, 2332px\" \/><\/figure>\n<\/div>\n\n\n\n<div class=\"wp-block-column is-vertically-aligned-center is-layout-flow wp-block-column-is-layout-flow\" style=\"flex-basis:66.66%\">\n<p class=\"has-normal-font-size\">Nous nous effor\u00e7ons au quotidien de pratiquer une agriculture respectueuse de la Nature. Nous travaillons le sol avec des outils l\u00e9gers et nous le nourrissons avec de la mati\u00e8re organique telle que le fumier de cheval compost\u00e9 pour y pr\u00e9server la vie. <\/p>\n\n\n\n<p class=\"has-normal-font-size\">Pour lutter contre les parasites sur les l\u00e9gumes, nous utilisons des auxiliaires. Le but \u00e9tant de trouver l&rsquo;\u00e9quilibre entre ces diff\u00e9rents insectes et de diminuer la pression des parasites sur les l\u00e9gumes.<\/p>\n\n\n\n<p class=\"has-normal-font-size\">La rotation des cultures bien r\u00e9fl\u00e9chie permet aussi notamment de pr\u00e9venir l&rsquo;explosion de ces parasites. Nous avons \u00e9galement install\u00e9 des ruches d&rsquo;abeilles pour favoriser la pollinisation.<\/p>\n<\/div>\n<\/div>\n\n\n\n<p><\/p>\n","protected":false},"excerpt":{"rendered":"<p>Nous cultivons un grand nombre de l\u00e9gumes au fil des saisons sur 1,2 hectares : tomates, courgettes, carottes, concombres, poireaux, m\u00e2che, choux, courges, betteraves, aubergines, laitues\u2026 Nos fraises (vari\u00e9t\u00e9s Rubis des jardins, Belrubi et Cireine) \u00e9gayent vos papilles aux mois de mai et juin. Les melons et past\u00e8ques quant \u00e0 eux arrivent en d&rsquo;\u00e9t\u00e9. Une <a class=\"read-more\" href=\"https:\/\/auxsonsdupotager.fr\/index.php\/nos-productions\/\">Read More<\/a><\/p>\n","protected":false},"author":1,"featured_media":0,"parent":0,"menu_order":0,"comment_status":"closed","ping_status":"closed","template":"","meta":{"iawp_total_views":673,"footnotes":""},"class_list":["post-440","page","type-page","status-publish","hentry"],"_links":{"self":[{"href":"https:\/\/auxsonsdupotager.fr\/index.php\/wp-json\/wp\/v2\/pages\/440","targetHints":{"allow":["GET"]}}],"collection":[{"href":"https:\/\/auxsonsdupotager.fr\/index.php\/wp-json\/wp\/v2\/pages"}],"about":[{"href":"https:\/\/auxsonsdupotager.fr\/index.php\/wp-json\/wp\/v2\/types\/page"}],"author":[{"embeddable":true,"href":"https:\/\/auxsonsdupotager.fr\/index.php\/wp-json\/wp\/v2\/users\/1"}],"replies":[{"embeddable":true,"href":"https:\/\/auxsonsdupotager.fr\/index.php\/wp-json\/wp\/v2\/comments?post=440"}],"version-history":[{"count":26,"href":"https:\/\/auxsonsdupotager.fr\/index.php\/wp-json\/wp\/v2\/pages\/440\/revisions"}],"predecessor-version":[{"id":702,"href":"https:\/\/auxsonsdupotager.fr\/index.php\/wp-json\/wp\/v2\/pages\/440\/revisions\/702"}],"wp:attachment":[{"href":"https:\/\/auxsonsdupotager.fr\/index.php\/wp-json\/wp\/v2\/media?parent=440"}],"curies":[{"name":"wp","href":"https:\/\/api.w.org\/{rel}","templated":true}]}}